{"id":526,"date":"2022-10-20T18:53:34","date_gmt":"2022-10-20T17:53:34","guid":{"rendered":"https:\/\/zeleznice40.cz\/?page_id=526"},"modified":"2023-06-22T23:10:44","modified_gmt":"2023-06-22T22:10:44","slug":"funkcni-pozadavky-oc","status":"publish","type":"page","link":"https:\/\/zeleznice40.cz\/index.php\/funkcni-pozadavky-oc\/","title":{"rendered":"Funk\u010dn\u00ed po\u017eadavky"},"content":{"rendered":"\t\t<div data-elementor-type=\"wp-page\" data-elementor-id=\"526\" class=\"elementor elementor-526\">\n\t\t\t\t\t\t\t\t\t<section class=\"elementor-section elementor-top-section elementor-element elementor-element-fa41b02 elementor-section-boxed elementor-section-height-default elementor-section-height-default\" data-id=\"fa41b02\" data-element_type=\"section\">\n\t\t\t\t\t\t<div class=\"elementor-container elementor-column-gap-default\">\n\t\t\t\t\t<div class=\"elementor-column elementor-col-100 elementor-top-column elementor-element elementor-element-fb187d5\" data-id=\"fb187d5\" data-element_type=\"column\">\n\t\t\t<div class=\"elementor-widget-wrap elementor-element-populated\">\n\t\t\t\t\t\t\t\t<div class=\"elementor-element elementor-element-ea31ab7 elementor-widget elementor-widget-text-editor\" data-id=\"ea31ab7\" data-element_type=\"widget\" data-widget_type=\"text-editor.default\">\n\t\t\t\t<div class=\"elementor-widget-container\">\n\t\t\t<style>\/*! elementor - v3.8.1 - 13-11-2022 *\/\n.elementor-widget-text-editor.elementor-drop-cap-view-stacked .elementor-drop-cap{background-color:#818a91;color:#fff}.elementor-widget-text-editor.elementor-drop-cap-view-framed .elementor-drop-cap{color:#818a91;border:3px solid;background-color:transparent}.elementor-widget-text-editor:not(.elementor-drop-cap-view-default) .elementor-drop-cap{margin-top:8px}.elementor-widget-text-editor:not(.elementor-drop-cap-view-default) .elementor-drop-cap-letter{width:1em;height:1em}.elementor-widget-text-editor .elementor-drop-cap{float:left;text-align:center;line-height:1;font-size:50px}.elementor-widget-text-editor .elementor-drop-cap-letter{display:inline-block}<\/style>\t\t\t\t<p>12.9.2022<\/p>\t\t\t\t\t\t<\/div>\n\t\t\t\t<\/div>\n\t\t\t\t\t<\/div>\n\t\t<\/div>\n\t\t\t\t\t\t\t<\/div>\n\t\t<\/section>\n\t\t\t\t<section class=\"elementor-section elementor-top-section elementor-element elementor-element-bf77eb2 elementor-section-boxed elementor-section-height-default elementor-section-height-default\" data-id=\"bf77eb2\" data-element_type=\"section\">\n\t\t\t\t\t\t<div class=\"elementor-container elementor-column-gap-default\">\n\t\t\t\t\t<div class=\"elementor-column elementor-col-50 elementor-top-column elementor-element elementor-element-a0376db\" data-id=\"a0376db\" data-element_type=\"column\">\n\t\t\t<div class=\"elementor-widget-wrap elementor-element-populated\">\n\t\t\t\t\t\t\t\t<div class=\"elementor-element elementor-element-fc394fc elementor-widget elementor-widget-heading\" data-id=\"fc394fc\" data-element_type=\"widget\" data-widget_type=\"heading.default\">\n\t\t\t\t<div class=\"elementor-widget-container\">\n\t\t\t<style>\/*! elementor - v3.8.1 - 13-11-2022 *\/\n.elementor-heading-title{padding:0;margin:0;line-height:1}.elementor-widget-heading .elementor-heading-title[class*=elementor-size-]>a{color:inherit;font-size:inherit;line-height:inherit}.elementor-widget-heading .elementor-heading-title.elementor-size-small{font-size:15px}.elementor-widget-heading .elementor-heading-title.elementor-size-medium{font-size:19px}.elementor-widget-heading .elementor-heading-title.elementor-size-large{font-size:29px}.elementor-widget-heading .elementor-heading-title.elementor-size-xl{font-size:39px}.elementor-widget-heading .elementor-heading-title.elementor-size-xxl{font-size:59px}<\/style><h2 class=\"elementor-heading-title elementor-size-default\">Definice funk\u010dn\u00edch po\u017eadavk\u016f na objektov\u00e9 kontrol\u00e9ry<br><br><\/h2>\t\t<\/div>\n\t\t\t\t<\/div>\n\t\t\t\t\t<\/div>\n\t\t<\/div>\n\t\t\t\t<div class=\"elementor-column elementor-col-50 elementor-top-column elementor-element elementor-element-b362d9d\" data-id=\"b362d9d\" data-element_type=\"column\">\n\t\t\t<div class=\"elementor-widget-wrap elementor-element-populated\">\n\t\t\t\t\t\t\t\t<div class=\"elementor-element elementor-element-9bbadfa elementor-widget elementor-widget-text-editor\" data-id=\"9bbadfa\" data-element_type=\"widget\" data-widget_type=\"text-editor.default\">\n\t\t\t\t<div class=\"elementor-widget-container\">\n\t\t\t\t\t\t\t<p>Jako dal\u0161\u00ed rozpracov\u00e1n\u00ed technologi\u00ed konceptu \u017deleznice 4.0 formou bakal\u00e1\u0159sk\u00e9 pr\u00e1ce (<a href=\"https:\/\/dspace.cvut.cz\/handle\/10467\/104076\">dostupn\u00e9 zde<\/a>) byly bl\u00ed\u017ee definov\u00e1ny objektov\u00e9 kontrol\u00e9ry a jejich jednotliv\u00e9 sou\u010d\u00e1sti. Byla navr\u017eena z\u00e1kladn\u00ed architektura objektov\u00fdch kontrol\u00e9r\u016f. Objektov\u00e9 kontrol\u00e9ry skl\u00e1daj\u00ed z:<\/p><ul><li>Logick\u00fd kontrol\u00e9r (LC) &#8211; univerz\u00e1ln\u00ed programovateln\u00e1 logick\u00e1 jednotka se vstupn\u011b-v\u00fdstupn\u00ed jednotkou (I\/O)<\/li><li>Standardn\u00ed komunika\u010dn\u00ed rozhran\u00ed (SCI) &#8211; komunika\u010dn\u00ed rozhran\u00ed v\u016f\u010di integr\u00e1ln\u00edmu zabezpe\u010dovac\u00edmu za\u0159\u00edzen\u00ed, definovan\u00e9 iniciativou EULYNX<\/li><li>\u0158\u00eddic\u00ed rozhran\u00ed (CI) &#8211; specifick\u00e9 rozhran\u00ed umo\u017e\u0148uj\u00edc\u00ed unifikovan\u00e9 ovl\u00e1d\u00e1n\u00ed vn\u011bj\u0161\u00edho prvku logick\u00fdm kontrol\u00e9rem<\/li><li>Nap\u00e1jen\u00ed (PWR)<\/li><\/ul>\t\t\t\t\t\t<\/div>\n\t\t\t\t<\/div>\n\t\t\t\t<div class=\"elementor-element elementor-element-d114c05 elementor-widget elementor-widget-image\" data-id=\"d114c05\" data-element_type=\"widget\" data-widget_type=\"image.default\">\n\t\t\t\t<div class=\"elementor-widget-container\">\n\t\t\t<style>\/*! elementor - v3.8.1 - 13-11-2022 *\/\n.elementor-widget-image{text-align:center}.elementor-widget-image a{display:inline-block}.elementor-widget-image a img[src$=\".svg\"]{width:48px}.elementor-widget-image img{vertical-align:middle;display:inline-block}<\/style>\t\t\t\t\t\t\t\t\t\t\t\t<img loading=\"lazy\" decoding=\"async\" width=\"1024\" height=\"819\" src=\"https:\/\/zeleznice40.cz\/wp-content\/uploads\/2022\/11\/kontroler-1024x819.png\" class=\"attachment-large size-large\" alt=\"\" srcset=\"https:\/\/zeleznice40.cz\/wp-content\/uploads\/2022\/11\/kontroler-1024x819.png 1024w, https:\/\/zeleznice40.cz\/wp-content\/uploads\/2022\/11\/kontroler-300x240.png 300w, https:\/\/zeleznice40.cz\/wp-content\/uploads\/2022\/11\/kontroler-768x614.png 768w, https:\/\/zeleznice40.cz\/wp-content\/uploads\/2022\/11\/kontroler-1536x1229.png 1536w, https:\/\/zeleznice40.cz\/wp-content\/uploads\/2022\/11\/kontroler.png 1600w\" sizes=\"auto, (max-width: 1024px) 100vw, 1024px\" \/>\t\t\t\t\t\t\t\t\t\t\t\t\t\t\t<\/div>\n\t\t\t\t<\/div>\n\t\t\t\t<div class=\"elementor-element elementor-element-505989e elementor-widget elementor-widget-text-editor\" data-id=\"505989e\" data-element_type=\"widget\" data-widget_type=\"text-editor.default\">\n\t\t\t\t<div class=\"elementor-widget-container\">\n\t\t\t\t\t\t\t<p><span style=\"font-style: inherit; font-weight: inherit; color: var( --e-global-color-secondary ); font-family: var( --e-global-typography-text-font-family ), Sans-serif;\">D\u00e1le vzni<\/span><span style=\"font-style: inherit; font-weight: inherit; color: var( --e-global-color-secondary ); font-family: var( --e-global-typography-text-font-family ), Sans-serif;\">kly na <\/span><span style=\"font-style: inherit; font-weight: inherit; color: var( --e-global-color-secondary ); font-family: var( --e-global-typography-text-font-family ), Sans-serif;\">z\u00e1klad\u011b anal\u00fdzy sou\u010dasn\u00fdch vn\u011bj\u0161\u00edch prvk\u016f zabezpe\u010dovac\u00edho za\u0159\u00edzen\u00ed funk\u010dn\u00ed po\u017eadavky na \u0159\u00eddic\u00ed rozhran\u00ed k periferi\u00edm zabezpe\u010dovac\u00edho za\u0159\u00edzen\u00ed. Funk\u010dn\u00ed po\u017eadavky definuj\u00ed komunika\u010dn\u00ed rozhran\u00ed, vstupy a v\u00fdstupy a tak\u00e9 nap\u00e1jen\u00ed, p\u0159\u00edpadn\u011b nutnou vnit\u0159n\u00ed logiku OC. Funk\u010dn\u00ed po\u017eadavky jsou definov\u00e1ny na tato \u0159\u00eddic\u00ed rozhran\u00ed objektov\u00fdch kontrol\u00e9r\u016f:<\/span><\/p>\n<ul>\n<li><span style=\"font-style: inherit; font-weight: inherit; color: var( --e-global-color-secondary ); font-family: var( --e-global-typography-text-font-family ), Sans-serif;\">OCN &#8211; objektov\u00fd kontrol\u00e9r n\u00e1v\u011bstidla<\/span><\/li>\n<li>OCP &#8211; objektov\u00fd kontrol\u00e9r p\u0159estavn\u00edku<\/li>\n<li>OCZ &#8211; objektov\u00fd kontrol\u00e9r PZZ<\/li>\n<\/ul>\n<div>Funk\u010dn\u00ed po\u017eadavky jsou bl\u00ed\u017ee pops\u00e1ny v uveden\u00e9 bakal\u00e1\u0159sk\u00e9 pr\u00e1ci.&nbsp;<\/div>\t\t\t\t\t\t<\/div>\n\t\t\t\t<\/div>\n\t\t\t\t\t<\/div>\n\t\t<\/div>\n\t\t\t\t\t\t\t<\/div>\n\t\t<\/section>\n\t\t\t\t<section class=\"elementor-section elementor-top-section elementor-element elementor-element-1faaa58 elementor-section-boxed elementor-section-height-default elementor-section-height-default\" data-id=\"1faaa58\" data-element_type=\"section\">\n\t\t\t\t\t\t<div class=\"elementor-container elementor-column-gap-default\">\n\t\t\t\t\t<div class=\"elementor-column elementor-col-50 elementor-top-column elementor-element elementor-element-d7cdf3b\" data-id=\"d7cdf3b\" data-element_type=\"column\">\n\t\t\t<div class=\"elementor-widget-wrap\">\n\t\t\t\t\t\t\t\t\t<\/div>\n\t\t<\/div>\n\t\t\t\t<div class=\"elementor-column elementor-col-50 elementor-top-column elementor-element elementor-element-93fe7d1\" data-id=\"93fe7d1\" data-element_type=\"column\">\n\t\t\t<div class=\"elementor-widget-wrap\">\n\t\t\t\t\t\t\t\t\t<\/div>\n\t\t<\/div>\n\t\t\t\t\t\t\t<\/div>\n\t\t<\/section>\n\t\t\t\t\t\t\t<\/div>\n\t\t","protected":false},"excerpt":{"rendered":"<p>12.9.2022 Definice funk\u010dn\u00edch po\u017eadavk\u016f na objektov\u00e9 kontrol\u00e9ry Jako dal\u0161\u00ed rozpracov\u00e1n\u00ed technologi\u00ed konceptu \u017deleznice 4.0 formou bakal\u00e1\u0159sk\u00e9 pr\u00e1ce (dostupn\u00e9 zde) byly bl\u00ed\u017ee definov\u00e1ny objektov\u00e9 kontrol\u00e9ry a jejich jednotliv\u00e9 sou\u010d\u00e1sti. Byla navr\u017eena z\u00e1kladn\u00ed architektura objektov\u00fdch kontrol\u00e9r\u016f. Objektov\u00e9 kontrol\u00e9ry skl\u00e1daj\u00ed z: Logick\u00fd kontrol\u00e9r (LC) &#8211; univerz\u00e1ln\u00ed programovateln\u00e1 logick\u00e1 jednotka se vstupn\u011b-v\u00fdstupn\u00ed jednotkou (I\/O) Standardn\u00ed komunika\u010dn\u00ed rozhran\u00ed (SCI) &#8211; &hellip;<\/p>\n<p class=\"read-more\"> <a class=\"\" href=\"https:\/\/zeleznice40.cz\/index.php\/funkcni-pozadavky-oc\/\"> <span class=\"screen-reader-text\">Funk\u010dn\u00ed po\u017eadavky<\/span> Pokra\u010dovat ve \u010dten\u00ed &raquo;<\/a><\/p>\n","protected":false},"author":1,"featured_media":0,"parent":0,"menu_order":0,"comment_status":"closed","ping_status":"closed","template":"","meta":{"site-sidebar-layout":"no-sidebar","site-content-layout":"page-builder","ast-main-header-display":"","ast-hfb-above-header-display":"","ast-hfb-below-header-display":"","ast-hfb-mobile-header-display":"","site-post-title":"disabled","ast-breadcrumbs-content":"","ast-featured-img":"disabled","footer-sml-layout":"","theme-transparent-header-meta":"","adv-header-id-meta":"","stick-header-meta":"","header-above-stick-meta":"","header-main-stick-meta":"","header-below-stick-meta":"","footnotes":""},"class_list":["post-526","page","type-page","status-publish","hentry"],"_links":{"self":[{"href":"https:\/\/zeleznice40.cz\/index.php\/wp-json\/wp\/v2\/pages\/526","targetHints":{"allow":["GET"]}}],"collection":[{"href":"https:\/\/zeleznice40.cz\/index.php\/wp-json\/wp\/v2\/pages"}],"about":[{"href":"https:\/\/zeleznice40.cz\/index.php\/wp-json\/wp\/v2\/types\/page"}],"author":[{"embeddable":true,"href":"https:\/\/zeleznice40.cz\/index.php\/wp-json\/wp\/v2\/users\/1"}],"replies":[{"embeddable":true,"href":"https:\/\/zeleznice40.cz\/index.php\/wp-json\/wp\/v2\/comments?post=526"}],"version-history":[{"count":18,"href":"https:\/\/zeleznice40.cz\/index.php\/wp-json\/wp\/v2\/pages\/526\/revisions"}],"predecessor-version":[{"id":690,"href":"https:\/\/zeleznice40.cz\/index.php\/wp-json\/wp\/v2\/pages\/526\/revisions\/690"}],"wp:attachment":[{"href":"https:\/\/zeleznice40.cz\/index.php\/wp-json\/wp\/v2\/media?parent=526"}],"curies":[{"name":"wp","href":"https:\/\/api.w.org\/{rel}","templated":true}]}}